1. Let j be (-310)/s + (-2)/15. What is the greatest common divisor of 28 and j?
4
Let l = -18 + 30. Calculate the highest common factor of l and 30.
6
Let s = 8 + 5. Calculate the highest common divisor of 13 and s.
13
Let i(n) = -n**3 - 7*n**2 - 2*n - 2. Let g be i(-7). Let r = 27 - g. Let q be (-3)/r - 141/(-5). What is the highest common factor of q and 14?
14
Suppose -6*p + 10*p = 120. Calculate the highest common factor of p and 45.
15
Let q(m) = m**3 + 10*m**2 + 8*m - 11. Let c be q(-9). Let r be 2*c/8*-30. Let i be (-5)/(r/(-6)) - -3. What is the highest common divisor of 30 and i?
5
Suppose 1 = 3*r + 5*g, g + 36 = 4*r - g. Calculate the highest common factor of 21 and r.
7
Suppose -5*s + 71 = 1. What is the highest common factor of s and 154?
14
Let o(m) be the second derivative of -m**5/20 - m**4/6 - m**3/2 - m. Let i be o(-6). What is the greatest common factor of i and 18?
18
Let t(d) = -d**3 + d**2 + 30. Let x be t(0). Calculate the highest common divisor of x and 240.
30
Let z(w) = -w - 3. Let p be z(-3). Let j be -2 + p + (-1 - 0). Let v = 1 - j. Calculate the highest common divisor of 36 and v.
4
Suppose 24 = 4*p + 2*h, p = -2*h - 2*h - 8. Let b be p/(-10) - (-356)/20. Calculate the greatest common divisor of 51 and b.
17
Let f be (1 + 2)*(0 - 1). Let m be ((-24)/(-5))/(f/(-10)). Let b(o) = -25*o**3 + 3*o + 2. Let d be b(-1). What is the highest common factor of d and m?
8
Let b(o) = o**3 + 8*o**2 + 9*o + 2. Let h be b(-6). Calculate the highest common divisor of 5 and h.
5
Let o be 3 + 22 + -5 + 4. Calculate the highest common factor of 216 and o.
24
Suppose -17 - 258 = -5*a. What is the highest common factor of a and 22?
11
Suppose -2*i + 200 = -4*u, i - 166 = -u - 51. Calculate the highest common factor of i and 22.
22
Let a = 2 + 9. What is the highest common divisor of 88 and a?
11
Let x(v) = -v**2 + 2*v + 1. Let h be x(3). Let m be 3 - (-2 + h + -11). Calculate the highest common divisor of m and 6.
6
Suppose -2*f = -l + 6*l - 17, -l - 3*f = -6. Suppose -3*q + 17 = 5*k, -q + l*k + 17 = 4*q. What is the greatest common divisor of q and 20?
4
Suppose 0*t + t - 119 = 0. Calculate the highest common factor of 17 and t.
17
Let o(l) = -45*l - 9. Let p be o(-5). What is the highest common factor of p and 24?
24
Let g = -2 + 14. Let h(y) = y**3 - y**2 + 132. Let q be h(0). What is the greatest common divisor of g and q?
12
Suppose -5*k = -4*k - 20. Let v(d) = -2*d - 6. Let m be v(-7). Calculate the highest common divisor of m and k.
4
Let m(d) = d**2 - 9*d + 13. Let h(z) = -z**2 - 8*z - 3. Let w be h(-6). Let i be m(w). Calculate the highest common divisor of i and 13.
13
Suppose 0 = 5*z - 0*z + 20. Let d be (z/(-10))/(3/30). Let g = -9 - -21. What is the highest common factor of d and g?
4
Let q = -14 - -30. Let j be (32/(-10))/((-4)/50). What is the greatest common divisor of q and j?
8
Let i = 20 - 8. Calculate the highest common factor of 6 and i.
6
Suppose 4*a = 9 + 7. Suppose -2*c + a = -c. Calculate the highest common divisor of 4 and c.
4
Let p = 1 + 8. Let z = -22 + 31. Calculate the highest common factor of z and p.
9
Suppose 39 + 0 = 3*q. Let c = -2 + 15. Calculate the greatest common divisor of q and c.
13
Let t be 2 + (1 - 4) + 6 + -2. What is the greatest common divisor of 33 and t?
3
Suppose 3*j - 15 = -3. Suppose -b = j*b - 810. What is the highest common factor of 18 and b?
18
Let t = 19 + -13. Let y be t/21 + 150/14. Calculate the greatest common factor of y and 11.
11
Suppose y - 82 = -2*y + 4*u, -y - 5*u + 40 = 0. Let a(w) = -2*w + 6. Let f be a(-3). What is the highest common factor of f and y?
6
Let w(m) = m**3 + 10*m**2 - 13*m - 13. Suppose -k = -5 - 3. Let l = -3 - k. Let q be w(l). Calculate the highest common divisor of 99 and q.
9
Let j = 27 + -21. Let r = 221 + -155. What is the highest common factor of r and j?
6
Let s be (-387)/(-7) + (-2)/7. Let d = s - -22. Calculate the greatest common divisor of d and 11.
11
Let j be (-1)/(-2) + (-7)/(-2). Suppose 0 = 3*z - 5*z + j. Suppose 3*r = z*r + 18. What is the highest common divisor of r and 36?
18
Suppose -6*x + 212 = 5*j - 2*x, -x - 157 = -4*j. What is the greatest common factor of j and 80?
40
Let u(y) = y**2 + 18*y - 7. Let g be u(-20). Calculate the greatest common factor of 3 and g.
3
Suppose -73 = -4*x + 7. Suppose -3*o + 0*j + j - 5 = 0, -7 = 5*o - 3*j. Let c be o/3 + 92/3. Calculate the highest common factor of c and x.
10
Let h be 3/((2/2)/36). What is the highest common divisor of 12 and h?
12
Suppose -40 - 35 = -z + 4*t, 141 = 2*z - 5*t. Calculate the highest common factor of 9 and z.
9
Let f be 2*3 + (-1)/1. Suppose -f*a + 145 = k + 4*k, -5*k + 157 = a. Let u be 52/6 - 6/9. Calculate the highest common divisor of u and k.
8
Let q = 23 - 20. Let s be q/1 - (1 + -17). Let x be (210 + -1)*(-1)/(-1). What is the greatest common factor of s and x?
19
Suppose -9 = -g + 24. What is the highest common divisor of g and 99?
33
Let z(j) = -2*j**2 + 30*j. Let f be z(14). What is the greatest common factor of f and 224?
28
Let l = 29 + -14. Suppose 0 = -q - 2*j + 34, -3*j + l = -6*j. What is the highest common factor of q and 4?
4
Let z(n) = -n**2 + 7*n + 4. Let a be z(7). Suppose -2*s = -3*s + a. Suppose s*c = 13 + 23. What is the highest common factor of c and 63?
9
Let y(v) = 4*v - 3. Let x be y(5). Calculate the greatest common divisor of 119 and x.
17
Suppose -m - 13 = -2*q, -7 - 3 = -2*q + 2*m. What is the highest common factor of 8 and q?
8
Suppose -a - 3 = 4. Let g = 4 - a. Let j be (-458)/(-14) - (-2)/7. What is the highest common divisor of j and g?
11
Suppose -2*c + 85 + 31 = 0. Suppose -12 = -4*x, -7 = -3*r - 5*x + 17. Suppose -c = -r*p + 68. What is the highest common divisor of 6 and p?
6
Suppose 3*l = -s - 9, s = -4*l + 7*l + 15. Calculate the greatest common divisor of 42 and s.
3
Let g(y) = 7*y**3 - 11*y**2 - 2*y + 10. Let j(m) = m**3 - m. Let n(d) = g(d) - 6*j(d). Let a be n(11). What is the greatest common factor of 6 and a?
6
Let g(u) = 11*u. Let q = -4 + 8. Let l be g(q). Calculate the highest common factor of 4 and l.
4
Let h = -15 - -11. Let i be -24*h/6 - 0. Let z = -7 + i. Calculate the greatest common divisor of 6 and z.
3
Suppose -2*i = -4*i + 4. Suppose 0 = -0*h + i*h - 224. Let j = 48 + -34. What is the highest common factor of j and h?
14
Suppose 2 = -5*h - 8, -2*d + 30 = -4*h. Let y = d + -5. Let t(o) = o**2 + 17*o + 3. Let q be t(-17). What is the highest common divisor of y and q?
3
Let f(k) = -48*k**2 + 1. Let r be f(-1). Let i = -33 - r. Calculate the highest common divisor of i and 70.
14
Let r(l) = 5*l**2 + 0*l**2 - 4*l**2. Let k be r(-2). Calculate the greatest common divisor of 32 and k.
4
Let d = -5 + 18. What is the highest common divisor of 52 and d?
13
Suppose 2*s + 11 = 5*d - 2*s, 5 = 2*d - s. Suppose d = 2*i - 7. Suppose l + 2*l - 3*k = 45, -i*k = 2*l - 51. What is the highest common factor of 27 and l?
9
Let v(s) = 49*s**3 - s**2 + s - 1. Let r be v(1). Suppose 0*n - 5*n = -85. Let y = n + -5. What is the greatest common factor of r and y?
12
Let c be (30/(-8))/((-1)/4). Suppose -5*t - h + 825 = 0, 2*h = -3*t - h + 495. What is the greatest common factor of t and c?
15
Let t(q) = -q**2 + 11*q + 1. Let l be t(6). Let b(h) = 9*h**2 - 5*h. Let o be b(4). What is the greatest common factor of o and l?
31
Let h = 417 + -222. Let n = -107 + h. Suppose q = -u + 3, 30 = 4*u + u + 2*q. What is the highest common divisor of n and u?
8
Suppose r + h = -2*r + 15, -3*r - 4*h = -15. What is the highest common divisor of 5 and r?
5
Let r be (-3 - -1) + -2 - -130. Calculate the highest common divisor of 14 and r.
14
Suppose -4*o + 143 = -x + 57, -2*o = -3*x - 48. What is the greatest common divisor of o and 63?
21
Suppose l = -1, -5*j + 5*l = -0*j - 20. Suppose -3*t = n - 15, 4*t + 8 = j*n - 50. Calculate the greatest common divisor of 90 and n.
18
Let g(m) = 15*m**2 - m + 1. Let d = 14 + -13. Let n be g(d). What is the highest common factor of n and 5?
5
Suppose 0 = 3*m + 2*m. Suppose m = y + 1 + 4, -3*a - y + 22 = 0. Calculate the greatest common factor of 90 and a.
9
Let w(z) = -z**2 + 5*z + 3. Let n be w(4). Suppose 4*j - n = a, 2*j - 2*a + 0*a = 8. What is the highest common divisor of j and 11?
1
Let k(p) = -p**2 -